{"id":3005,"date":"2025-05-09T07:45:43","date_gmt":"2025-05-09T07:45:43","guid":{"rendered":"https:\/\/dev.lpmcom.pt\/marcas\/federacao-dos-sindicatos-de-trabalhadores-portuarios\/"},"modified":"2026-02-10T12:26:56","modified_gmt":"2026-02-10T12:26:56","slug":"federacao-dos-sindicatos-de-trabalhadores-portuarios","status":"publish","type":"marcas","link":"https:\/\/lpmcom.pt\/en\/marcas\/federacao-dos-sindicatos-de-trabalhadores-portuarios\/","title":{"rendered":"Federa\u00e7\u00e3o dos Sindicatos de Trabalhadores Portu\u00e1rios"},"content":{"rendered":"","protected":false},"excerpt":{"rendered":"","protected":false},"author":1,"featured_media":0,"menu_order":0,"comment_status":"closed","ping_status":"closed","template":"","meta":{"_acf_changed":false,"footnotes":""},"tags":[],"class_list":["post-3005","marcas","type-marcas","status-publish","hentry","marcas-taxonomy-house"],"acf":[],"_links":{"self":[{"href":"https:\/\/lpmcom.pt\/en\/wp-json\/wp\/v2\/marcas\/3005","targetHints":{"allow":["GET"]}}],"collection":[{"href":"https:\/\/lpmcom.pt\/en\/wp-json\/wp\/v2\/marcas"}],"about":[{"href":"https:\/\/lpmcom.pt\/en\/wp-json\/wp\/v2\/types\/marcas"}],"author":[{"embeddable":true,"href":"https:\/\/lpmcom.pt\/en\/wp-json\/wp\/v2\/users\/1"}],"replies":[{"embeddable":true,"href":"https:\/\/lpmcom.pt\/en\/wp-json\/wp\/v2\/comments?post=3005"}],"version-history":[{"count":1,"href":"https:\/\/lpmcom.pt\/en\/wp-json\/wp\/v2\/marcas\/3005\/revisions"}],"predecessor-version":[{"id":3026,"href":"https:\/\/lpmcom.pt\/en\/wp-json\/wp\/v2\/marcas\/3005\/revisions\/3026"}],"wp:attachment":[{"href":"https:\/\/lpmcom.pt\/en\/wp-json\/wp\/v2\/media?parent=3005"}],"wp:term":[{"taxonomy":"post_tag","embeddable":true,"href":"https:\/\/lpmcom.pt\/en\/wp-json\/wp\/v2\/tags?post=3005"}],"curies":[{"name":"wp","href":"https:\/\/api.w.org\/{rel}","templated":true}]}}

Federação dos Sindicatos de Trabalhadores Portuários
