{"id":5305,"date":"2023-09-01T13:38:07","date_gmt":"2023-09-01T13:38:07","guid":{"rendered":"https:\/\/dev.lpmcom.pt\/marcas\/fundacao-para-a-ciencia-e-tecnologia\/"},"modified":"2026-02-10T16:43:09","modified_gmt":"2026-02-10T16:43:09","slug":"fundacao-para-a-ciencia-e-tecnologia","status":"publish","type":"marcas","link":"https:\/\/lpmcom.pt\/en\/marcas\/fundacao-para-a-ciencia-e-tecnologia\/","title":{"rendered":"Funda\u00e7\u00e3o para a Ci\u00eancia e Tecnologia"},"content":{"rendered":"","protected":false},"excerpt":{"rendered":"","protected":false},"author":1,"featured_media":0,"menu_order":0,"comment_status":"closed","ping_status":"closed","template":"","meta":{"_acf_changed":false,"footnotes":""},"tags":[],"class_list":["post-5305","marcas","type-marcas","status-publish","hentry","marcas-taxonomy-recently"],"acf":[],"_links":{"self":[{"href":"https:\/\/lpmcom.pt\/en\/wp-json\/wp\/v2\/marcas\/5305","targetHints":{"allow":["GET"]}}],"collection":[{"href":"https:\/\/lpmcom.pt\/en\/wp-json\/wp\/v2\/marcas"}],"about":[{"href":"https:\/\/lpmcom.pt\/en\/wp-json\/wp\/v2\/types\/marcas"}],"author":[{"embeddable":true,"href":"https:\/\/lpmcom.pt\/en\/wp-json\/wp\/v2\/users\/1"}],"replies":[{"embeddable":true,"href":"https:\/\/lpmcom.pt\/en\/wp-json\/wp\/v2\/comments?post=5305"}],"version-history":[{"count":1,"href":"https:\/\/lpmcom.pt\/en\/wp-json\/wp\/v2\/marcas\/5305\/revisions"}],"predecessor-version":[{"id":5307,"href":"https:\/\/lpmcom.pt\/en\/wp-json\/wp\/v2\/marcas\/5305\/revisions\/5307"}],"wp:attachment":[{"href":"https:\/\/lpmcom.pt\/en\/wp-json\/wp\/v2\/media?parent=5305"}],"wp:term":[{"taxonomy":"post_tag","embeddable":true,"href":"https:\/\/lpmcom.pt\/en\/wp-json\/wp\/v2\/tags?post=5305"}],"curies":[{"name":"wp","href":"https:\/\/api.w.org\/{rel}","templated":true}]}}

Fundação para a Ciência e Tecnologia
