{"id":5314,"date":"2023-09-01T13:30:20","date_gmt":"2023-09-01T13:30:20","guid":{"rendered":"https:\/\/dev.lpmcom.pt\/marcas\/comissao-nacional-de-eleicoes\/"},"modified":"2026-02-10T16:44:23","modified_gmt":"2026-02-10T16:44:23","slug":"comissao-nacional-de-eleicoes","status":"publish","type":"marcas","link":"https:\/\/lpmcom.pt\/en\/marcas\/comissao-nacional-de-eleicoes\/","title":{"rendered":"Comiss\u00e3o Nacional de Elei\u00e7\u00f5es"},"content":{"rendered":"","protected":false},"excerpt":{"rendered":"","protected":false},"author":1,"featured_media":0,"menu_order":0,"comment_status":"closed","ping_status":"closed","template":"","meta":{"_acf_changed":false,"footnotes":""},"tags":[],"class_list":["post-5314","marcas","type-marcas","status-publish","hentry","marcas-taxonomy-recently"],"acf":[],"_links":{"self":[{"href":"https:\/\/lpmcom.pt\/en\/wp-json\/wp\/v2\/marcas\/5314","targetHints":{"allow":["GET"]}}],"collection":[{"href":"https:\/\/lpmcom.pt\/en\/wp-json\/wp\/v2\/marcas"}],"about":[{"href":"https:\/\/lpmcom.pt\/en\/wp-json\/wp\/v2\/types\/marcas"}],"author":[{"embeddable":true,"href":"https:\/\/lpmcom.pt\/en\/wp-json\/wp\/v2\/users\/1"}],"replies":[{"embeddable":true,"href":"https:\/\/lpmcom.pt\/en\/wp-json\/wp\/v2\/comments?post=5314"}],"version-history":[{"count":1,"href":"https:\/\/lpmcom.pt\/en\/wp-json\/wp\/v2\/marcas\/5314\/revisions"}],"predecessor-version":[{"id":5316,"href":"https:\/\/lpmcom.pt\/en\/wp-json\/wp\/v2\/marcas\/5314\/revisions\/5316"}],"wp:attachment":[{"href":"https:\/\/lpmcom.pt\/en\/wp-json\/wp\/v2\/media?parent=5314"}],"wp:term":[{"taxonomy":"post_tag","embeddable":true,"href":"https:\/\/lpmcom.pt\/en\/wp-json\/wp\/v2\/tags?post=5314"}],"curies":[{"name":"wp","href":"https:\/\/api.w.org\/{rel}","templated":true}]}}

Comissão Nacional de Eleições
